 + 68850 + -4 + (-3)/(-3) a prime number?
True
Let z(b) = 109*b**2 - 22*b - 9. Let u be z(10). Suppose -f + 1283 = 4*x, 0 = -5*f - 2*x - 4220 + u. Is f a composite number?
False
Is (-3 - 508)*-86 + (-84)/12 + 4 prime?
True
Let j = 9032 + -2636. Let g be 4 + 20 + 4 + -8 - 2. Is (j/g)/(2/3) a prime number?
False
Let x(g) = 5*g**2 + 8*g - 1. Let y be (7/7)/(3/(-45)). Let u be (3 + 1)/(81/y + 5). Is x(u) a prime number?
True
Let r(q) be the third derivative of -319*q**4/12 + 23*q**3/6 - 59*q**2. Is r(-3) composite?
True
Suppose -27*y + 22*y = 20. Let j be y/(8/(-18))*(-12)/(-12). Let a = j + 122. Is a composite?
False
Let g = 24039 + -1822. Is g composite?
True
Let v(r) = 201*r**2 - 7*r + 114. Is v(7) a composite number?
True
Suppose -3*a + 98 = -739. Suppose -494 - 1083 + 17 = 13*z. Let x = z + a. Is x composite?
True
Let a = -107 - -110. Suppose 2268 = 3*h + a*p, 3*h + p - 2258 = -0*h. Is h a prime number?
True
Suppose 3*p + 18064 = x, 0*p + 2*x = 4*p + 24084. Let g = -2979 - p. Is g prime?
False
Suppose 294*f - 702000 - 25068 = 290*f. Is f a composite number?
True
Let c(h) = -9*h**3 - 6*h**2 - 2*h + 15. Suppose 3*u = j - 7 - 4, -5*u - 19 = -j. Is c(u) prime?
True
Suppose -3*v + 4*j + 124753 = 0, 29*j - 28*j - 124733 = -3*v. Is v prime?
True
Let f be (9/21 - 1)/(4/(-14)). Suppose -f*w = -9 + 1. Suppose 0 = -4*g - w*o + 6160, -2*o - 6120 = -4*g + 2*o. Is g composite?
True
Suppose 0 = 4*a - a + 3, a = 3*p - 4. Let w be (22 - 25) + p*11. Is w*(-1076)/(-24) + 4/(-6) composite?
True
Let z(d) = 1362*d**3 + 5*d**2 - 7*d + 2. Let p be z(1). Let k = 1075 + p. Is k a composite number?
False
Suppose -6*m - 4*m + 70 = 0. Suppose m*v + 2446 - 9082 = 0. Let f = v - 257. Is f a prime number?
True
Let p(t) = 163*t**3 + 2*t**2 - 3*t - 5. Let j = 499 + -496. Is p(j) composite?
True
Suppose -2*f + 4 = 0, f - 4 = -2*j + 8. Suppose -g = i - 9597, j*g + 28807 = -i + 4*i. Is i composite?
True
Is (-2984361)/(-6) - (-220)/(-440) a prime number?
False
Let o(a) = 2770*a - 601. Is o(29) a composite number?
True
Let n = 28005 - 12762. Is n composite?
True
Let h = 48753 + 35888. Is h prime?
False
Let f(h) = 353*h**2 - 4*h + 37. Is f(20) prime?
True
Let q = 23660 - 2577. Is q prime?
False
Suppose 182*p - 7562523 = 35474835. Is p prime?
False
Let n = -31196 + 109195. Is n composite?
False
Suppose -17*g - 585090 = -50*g. Suppose 4056 = 6*q - g. Is q composite?
False
Let q(j) = -103*j**3 + 3*j**2 - 5*j + 10. Let n be q(-4). Let m = -3327 + n. Is m a prime number?
True
Is (3 - 6 - -2)*5 - -165138 a prime number?
True
Suppose -2984988 = 6*l - 3*l - 15*l. Is l a composite number?
False
Let b(v) = -4 - 3*v + 9*v**2 + 6*v**2 + 25*v**2. Let u be b(-3). Let d = u - 216. Is d a composite number?
False
Let s(n) = 128*n**2 + 9*n - 13. Let b(o) = -127*o**2 - 9*o + 14. Let w(p) = -6*b(p) - 5*s(p). Let u be w(8). Suppose 2*t = -5*t + u. Is t prime?
True
Let r = -280987 + 474836. Is r composite?
True
Suppose 0 = 4*a - n - 155, -4*a + 31 = -4*n - 121. Suppose -35*f = -a*f. Suppose -10*p + 10730 = -f*p. Is p a composite number?
True
Suppose 0 = 5*i - 3*k + 488, i + 44 = -5*k - 48. Let q = 111 + i. Suppose -2846 = -16*b + q*b. Is b a prime number?
True
Suppose 8*q - 11*q = -27486. Suppose -8*b + q = -2*b. Is b a composite number?
True
Suppose 0 = -2*i + 4*i - 1982. Suppose -32*f + 108*f - 126464 = 0. Let y = f - i. Is y prime?
True
Let h(g) = 28*g**2 - 74*g - 187. Is h(-23) composite?
True
Suppose -x - a = -4194, -28*x + 4*a = -31*x + 12581. Is x a composite number?
True
Let q(w) = 4165*w**2 + 44*w - 443. Is q(10) prime?
True
Let b = 326 - -211. Let x = 1749 - b. Is (-1)/5 + 0 - x/(-10) a prime number?
False
Let z = -197 + 466. Suppose z = n + 4*g, 141 = -3*n - g + 904. Let w = 436 + n. Is w prime?
False
Suppose 20660 = s - i, s - 10*i + 5*i = 20648. Is s a prime number?
True
Suppose 20 = -4*t, 300*v = 302*v + t - 159161. Is v prime?
False
Let j(h) = 378*h - 109. Suppose 2*i - 151 = -129. Is j(i) a composite number?
False
Suppose -3*k + 7415614 = 47*k - 4*k. Is k a prime number?
False
Let v(s) be the first derivative of -13/2*s**4 - 7*s + 17 + 0*s**2 + 0*s**3. Is v(-3) prime?
False
Let a(w) = -12 - 8 - 4*w + 75*w**2 + 0 - 12. Is a(5) prime?
True
Suppose 4*u + 5*o = 62580 + 500108, -3*u - 2*o + 422009 = 0. Is u prime?
False
Is ((-14)/(-77))/(-5*7/(-92850065)) a composite number?
True
Suppose 5*k = 3*k + 4. Let z be (-3*k/5)/(12/(-40)). Is 2/4*(z - -1470) prime?
False
Let a = -34892 - -51399. Is a prime?
False
Let a(c) be the second derivative of 3821*c**4/4 - c**3/3 + c**2/2 + 3*c + 23. Is a(-2) composite?
True
Let c(d) = -430*d - 603. Is c(-40) prime?
False
Suppose 738832 + 71240 = 6*z - 553434. Is z composite?
False
Let q be 0*(0 - (-2)/4) + 35. Let t be 1/6 - 51/18*q. Let v = 790 + t. Is v a composite number?
False
Let l = -81 - -84. Let g = 15 - l. Suppose 4445 = 17*f - g*f. Is f prime?
False
Let h(l) be the second derivative of -19*l**3 + 109*l**2/2 + l - 17. Is h(-5) composite?
True
Let k = 148381 - 64166. Is k a prime number?
False
Let h(o) = 14*o**2 - 57*o - 55. Let n(v) = -7*v**2 + 28*v + 28. Let z(l) = -2*h(l) - 5*n(l). Is z(13) prime?
False
Suppose -12*n = 21*n - 39*n + 6754422. Is n composite?
True
Let l = 684 + -678. Let u(c) = 21*c**3 + 7*c**2 - 22*c + 5. Is u(l) composite?
True
Let y = 514 + -887. Let c = y - -772. Suppose 11*a - 2802 = c. Is a a composite number?
True
Let m be (2 + -3 + 1)*(-1)/3. Let h(w) = 4*w - 4. Let b be h(m). Is ((-2998)/(-6))/(b + 26/6) a prime number?
True
Let a(u) = 27 - 2*u - 9*u**3 + 5*u**2 - 26 + 7*u. Let w be a(-1). Suppose -w*s + 26 = -944. Is s a prime number?
True
Suppose 4*z = -4*j + 203552, 4*z = 4*j + 136241 + 67343. Let k = -21169 + z. Is k a composite number?
False
Let l = -10521 + 16146. Suppose 4*p - l = 19619. Is p a prime number?
True
Let v = -3950 - -6891. Suppose -v - 1428 = -o. Is o composite?
True
Suppose 5*i = -z + 30108, -12*z = i - 8*z - 6033. Suppose -30*h + 21*h + i = 0. Is h a composite number?
True
Suppose -8*x = -3371 + 595. Suppose 9*c - 5746 = x. Is c a composite number?
False
Suppose 29*t - 1325 + 49 = 0. Let d = 342 + t. Is d a composite number?
True
Suppose -2*d = 4*o - 22, -4*d + 3*d = 5*o - 23. Let i be 37779/(-196)*(-4)/d*2. Let y = i - 333. Is y composite?
False
Let l(v) = 1127*v**3 + 2*v - 3. Suppose 0 = 3*p - 3*y, y - 7 = -3*p + 1. Let n be l(p). Let c = n - 5140. Is c composite?
False
Let i = -561 + 2518. Let d = i - -214. Suppose 1567 = 6*b - d. Is b a composite number?
True
Suppose 5*j - 25 = 2*k, 0*j = -4*j - k + 20. Suppose u - 20 = -j*i - 0*u, -3*i + 5*u = -12. Is 2/(3/i*24/4761) composite?
True
Let s(q) be the first derivative of 7*q**2/2 - 2*q - 45. Let y be s(1). Suppose -4*b + 5*p = -859, 355 + 52 = 2*b + y*p. Is b prime?
True
Suppose 6*s + 56 = 86. Is s - (-19)/((-76)/(-1440)) composite?
True
Suppose 14274 = -r + 5211. Let t = 14788 + r. Suppose 0 = -4*w - 3*g + 7622, -g - g - t = -3*w. Is w a prime number?
True
Let f(r) = -r**3 - 33*r**2 - 41*r - 166. Let c = -581 - -537. Is f(c) a prime number?
False
Let z(q) = 2*q**3 - 23*q**2 - 15*q + 30. Let w be z(12). Let v(h) = h + 1055. Let f be v(0). Is (w/(-3))/(10/f) a prime number?
True
Suppose 132 + 984 = 12*m. Is 155/m - (-14938)/3 prime?
False
Let x(m) be the first derivative of 7*m**6/360 + m**5/20 - 8*m**3 + 21. Let d(f) be the third derivative of x(f). Is d(-7) prime?
False
Let p(h) = h**3 + 19*h**2 - 16*h + 1. Suppose -5*o - 5*z = -35, -4*o + 2 = -z - 1. Suppose -l + 62 = -5*l + k, o*l + 22 = -4*k. Is p(l) a composite number?
True
Is -5 + (7627376/96 - (-2)/12) composite?
True
Let p(h) = -6*h**2 - 2*h + 2. Let c be p(3). Let w = -53 - c. Suppose 0 = 2*y, -w*l = -0*l - 2*y - 2355. Is l a prime number?
False
Suppose 5*h + 3*l - 24 = 4*l, 0 = 4*h + 4*l. Suppose -6954 - 242 = -h*m. Is m a composite number?
True
Is (43/(-55) - (-27)/45) + 6881212/44 a composite number?
True
Let n(m) = -4*m - 33. Let c be n(-9). Let p(d) = -13*d + 31. Let x be p(c). Let a(w) = 37*w**2 + 14*w + 61. Is a(x) a prime number?
False
Suppose -5*b = 16*b + 21. Is (-41547)/(-11)*b/((-3)/1) composite?
False
Suppose 7*x + 170213 = -14*x + 1819532. Is x composite?
False
Let f be (-1 - 6)/(((-3)/(-9))/(-1)). Let t be (-4)/28*2*f/(-3). Suppose 4*k = -t*w + 1106, -w + 2*w = 5*k + 588. 